 c?
6
Suppose 7*u = 5*u - 5*q + 17, -17 = -5*u - 4*q. What is the hundreds digit of (-42 + 2)/(u/(-10))?
4
Let a be 8/10*1/((-6)/15). Let q be a/4*(3 + -47)/(-2). What is the units digit of (-1463)/q + (-1)/(2/(-4))?
5
Let c = -310 - -3800. What is the units digit of c?
0
Let t(f) = f**3 - 29*f**2 + 29*f - 43. Let o be t(28). Suppose 43*h = 40*h + 234. Let k = o + h. What is the tens digit of k?
6
Suppose -6*f - 92 = 124. Let t be f/(-8) - (-2)/(-4). Suppose 0 = q - t*q + 318. What is the tens digit of q?
0
Let y = -83 + 90. Suppose -y*v = 6*v - 2691. What is the units digit of v?
7
Let i be 11/((-55)/(-2)) + 117/(-5). Let p = 60 + i. Suppose -2*f + p - 25 = 0. What is the units digit of f?
6
Suppose -13*x - 16 = -55. Suppose x*r - 337 = -2*j, 2*j - 3*r = 235 + 132. What is the hundreds digit of j?
1
What is the thousands digit of (-75)/6*-12444*(-16)/(-120)?
0
Let f(n) = -n**2 + 4*n - 1. Let x be f(1). What is the units digit of (-35)/(-5*x/190)?
5
Suppose 102236 - 23456 = 5*v + 5*i, v + 3*i = 15770. What is the tens digit of v?
4
Suppose 12*t - 8*t = 0. Suppose t = -4*i - w + 811, -i - 7*w + 4*w = -211. What is the units digit of i?
2
Let d be 28/(-70) - ((-17)/5 + 3). Suppose 22*i + 2252 - 29730 = d. What is the tens digit of i?
4
Let d = -467 + 667. Let a(v) = -v**3 - 40*v**2 + 82*v - 79. Let x be a(-42). Suppose x*o = d + 200. What is the tens digit of o?
8
Let l = 94 + -93. Let z be (-115)/((-5 + l)/8). Suppose 2*r + 4*u = z, -3*u + 43 = r - 68. What is the hundreds digit of r?
1
Suppose 205*z + 6 = 208*z, -4*u = 2*z - 19904. What is the units digit of u?
5
Let v be 7191/(-16)*-2 + (-2)/(-16). Suppose -5*o - 3*q + v = 0, 0 = 4*o - o - 5*q - 519. What is the hundreds digit of o?
1
Let o be (-1)/(-3) + (-155)/15. What is the hundreds digit of o/(-35) + ((-1279)/(-7) - 0)?
1
Let u = 10 - 11. Let v be 8 + 48/(-4) - u*9. Suppose 0 = 4*m + 8, -3*g = -2*g - v*m - 205. What is the units digit of g?
5
Let u = 62 - 56. Suppose 19*l = 16*l + u. Suppose k + 6 = l*k. What is the units digit of k?
6
Suppose 33*y - 362552 = 4745 - 65941. What is the thousands digit of y?
9
Let t(l) = 13*l**3 - 17*l - 13 - 12*l**3 - 17 - 3 - 18*l**2. Let r be t(19). Suppose -990 = -5*f - r*f. What is the units digit of f?
9
Suppose 5*v + 27*q - 25*q = 4, 3*v = 3*q + 15. Let k(m) = -2*m - 4 - 2*m + 58*m. What is the hundreds digit of k(v)?
1
Suppose 5*w = q - 21, 8*w = 2*q + 12*w. Suppose 8*j - q*j = 16. What is the hundreds digit of (3030/20)/(6/j)?
2
Suppose -3*n - n + 40 = 0. What is the hundreds digit of (1185/n)/((-9)/(-24))?
3
Let v(b) = -5*b - 12. Let n be v(-3). Suppose -6*c + x + 26 = -c, -3*c + 18 = -n*x. What is the tens digit of 2 - c/((-15)/231)?
7
Let w(j) = j**3 + 5*j**2 - 11*j - 1. Suppose -7*x = -x + 60. Let a be w(x). Let s = -131 - a. What is the units digit of s?
0
Suppose 4*q = 2*d - 5466, 3*q = 2*d - 3774 - 1689. Suppose -66*r + 75*r = d. What is the units digit of r?
3
Let z = 304 - 306. Let w(m) = 54*m**2 - 9*m - 6. What is the hundreds digit of w(z)?
2
Let s = 7469 - 6790. What is the tens digit of s?
7
What is the units digit of ((-6)/3 + (-52326)/(-285))*5?
8
Let k = 534 - 398. Let s = k + 1390. What is the tens digit of s?
2
Let h(q) = -5*q + 10. Let u be h(2). Let b(i) = 5*i + 176. What is the hundreds digit of b(u)?
1
Let d = -273 + 154. Let h = -395 - d. What is the tens digit of 15/(-2)*h/18?
1
Suppose 3*b - 8*b = 2*r - 7395, -3*r = 2*b - 11098. What is the hundreds digit of r?
7
Let n be (-3 - -5)/(1/269*1). Suppose 0 = 14*k - n - 6308. What is the hundreds digit of k?
4
What is the units digit of 19463/4 - (54/(-144))/(9/6)?
6
Let r(g) = -30*g + 52*g - 100*g + 7. What is the hundreds digit of r(-5)?
3
Let k = 2259 + 866. What is the tens digit of k?
2
Let d(v) = 254*v - 1191. What is the hundreds digit of d(31)?
6
Suppose 36*f - 40*f = 0. Suppose 0 = -2*b - f*b + 260. What is the tens digit of b?
3
Suppose -23*w + 25*w = 0, 31596 = -0*f + 4*f - 5*w. What is the units digit of f?
9
Let t(n) = 2*n**2 - 30*n - 33. Let z be t(16). What is the units digit of 0 + (-330)/(-2) + (z - -3)?
7
Suppose -21*p + 67404 = -3*p - 277674. What is the units digit of p?
1
Let z = 32 - 32. Suppose 9*c - 13 - 14 = z. Suppose 2*r - 2 = 0, -o + 2*r - c = -21. What is the units digit of o?
0
What is the thousands digit of (-2)/(-57) + 893127/171?
5
Suppose -5*k + v + 8081 = 0, k - 3*v + 6480 = 5*k. What is the tens digit of k?
1
Let a(g) = -17*g - 32. Let y be a(14). Let i = y - -439. Suppose 5*l + i = 974. What is the tens digit of l?
6
Suppose -3*l - 2*x + 1952 = 0, -5*l - 2*x + 3250 = 3*x. Let w = -32 + -425. Let i = w + l. What is the tens digit of i?
9
Let n(x) = -20*x + 121. Let p be (-19 - -2) + -1 + -3 + 2. What is the tens digit of n(p)?
0
Let b = 190 + -185. What is the units digit of (-18)/(-8)*((-4 - b) + 369)?
0
Let m be (-145)/(-15) + 8/(-12). What is the hundreds digit of (-10 + m)/(-1*(-1)/(-466))?
4
Let x = -28209 + 40725. What is the hundreds digit of x?
5
Let k(q) = -2*q**3 + 2*q**2 + 2*q + 1. Let a be k(-2). Suppose -5*b = -a + 11. Suppose 3*m = 10*w - 5*w - 1049, -b*m - 6 = 0. What is the hundreds digit of w?
2
Suppose -44*i + 47*i - 4596 = 0. Let j = i - 906. What is the hundreds digit of j?
6
Suppose 35 = -16*n + 19. What is the units digit of n - (3 - 5) - -150?
1
Suppose -4*w - 28 = -11*w. Suppose -c = -w*k + 196, 4*k - 394 - 186 = 3*c. Let i = c + 294. What is the tens digit of i?
0
What is the tens digit of (43/(2107/46032))/((-1 - 1)/(-14))?
7
Let i(o) = 5*o**2 + 168*o + 959. What is the thousands digit of i(-69)?
3
Let j = -6538 - -8062. What is the hundreds digit of j?
5
Suppose r = -7*r + 32. Let u be -6 + 0 + r + 34. What is the units digit of (u - -3) + (1*4)/(-2)?
3
Let v be (7 + -6 + -1)*-1. What is the hundreds digit of v/10 - 798/(-1)?
7
Suppose -5*f + 973 + 2217 = 3*m, -3*f = -2*m - 1914. Let b = f + -329. What is the tens digit of b?
0
Let t(y) = y**3 + 15*y**2 - 26*y - 19. Suppose 4*c + 40 + 28 = 0. Let h be t(c). Let a = -67 - h. What is the tens digit of a?
8
Let h = -277 - -281. Suppose 772 = h*l + 4*t + t, 5*t + 812 = 4*l. What is the hundreds digit of l?
1
Let c be ((1 - 3) + -45)*(11 - 20). Let d = c + -167. What is the tens digit of d?
5
Let x(m) = m**3 + 14*m**2 - 34*m - 29. Let o be x(-16). Suppose 4*t = -3*c + 868, -o*c + 543 = 5*t - 539. What is the units digit of t?
4
Let r be 11 + -626 + 1*4. Let o = r - -979. What is the hundreds digit of o?
3
Suppose 3*w + 4*z = z + 909, 901 = 3*w - z. Let v = w + -156. Suppose v = 2*r - o, 4*o = -4*r + 339 - 55. What is the units digit of r?
2
Suppose 0 = -7*s - 14 - 49. Let p be s/(-2)*(0 - 2). What is the units digit of 1695/27 + (-2)/p?
3
Let p(w) be the second derivative of -3*w**3/2 - 13*w**2 + 10*w + 89. Suppose -1 = 4*z + 19. What is the units digit of p(z)?
9
Let d = 494 - 314. Suppose 179*i - d*i + 549 = 0. What is the hundreds digit of i?
5
Let z(m) = -m**3 + 26*m**2 - 58*m + 41. Let n be z(18). Let u = n - 772. What is the hundreds digit of u?
8
Let n be 1*(9 - 12/(-3)). Suppose 5*u = 2*k - 2571, u + n = 10. What is the units digit of k?
8
Let b = 11419 + 17074. What is the ten thousands digit of b?
2
Suppose -12*d = -8*d - 48. Let z(n) = -3*n**2 + 16*n**2 - d*n**2 - 4 + 13*n. What is the units digit of z(-14)?
0
Suppose 2*i = 5*f - 30, 3*f - 2*i = -5*i - 3. Suppose -5*g = -f*g - 3. Suppose -k + g*l + 620 = 4*k, k = -2*l + 111. What is the units digit of k?
1
Let w = -20 + 30. Suppose 3*i = -q + w, -3*q + 4*i = 21 - 77. What is the tens digit of (205/(-2))/((-8)/q)?
0
Let n(v) = 421*v + 16. Let t be n(15). Suppose 0 = 8*k - t + 2139. What is the units digit of k?
4
Let u(y) = 2297*y**2 - 270*y - 539. What is the thousands digit of u(-2)?
9
Let d be ((-34)/85)/(1/395). What is the tens digit of (-3 - 2) + (-9 - d)?
4
Let o(h) = 8*h - 179. Let l be o(19). What is the units digit of l/(-18) + (2 - (-1426)/4)?
0
Let y(v) be the second derivative of 20*v**3/3 - 7*v**2/2 + 2*v. Let a be (4 - 1) + 0*(-11)/176. What is the units digit of y(a)?
3
Let i(h) = 69*h - 86. Let k be i(5). Suppose 140 + k = n. What is the tens digit of n?
9
What is the units digit of (0 + 4 + (-812)/(-6))*33?
8
Let q(f) = -2*f**3 - f**2 - 14*f + 107. What is the ten thousands digit of q(-22